7)?
-6
Let p(u) = 8*u**2 + 801*u - 3215. Determine p(-104).
9
Let f(d) = -9*d**2 - 2450*d + 29550. Give f(12).
-1146
Let b(m) = 1164*m + 119897. Give b(-103).
5
Let l(d) = -1317*d + 17307. What is l(13)?
186
Let u(t) = t**3 + 231*t**2 + 11882*t + 3709. Determine u(-154).
13
Let s(p) = 516*p - 69142. Calculate s(134).
2
Let s(p) = -p**2 + 2884*p + 313960. Calculate s(-105).
115
Let h(v) = -4*v**3 - 430*v**2 - 202*v + 1359. Give h(-107).
75
Let d(h) = -8229*h - 42159. Determine d(-5).
-1014
Let b(a) = a**2 - 304*a + 7783. Determine b(28).
55
Let y(x) = -2296*x + 75895. What is y(34)?
-2169
Let p(g) = -2084*g - 25717. What is p(-13)?
1375
Let q(z) = 8444*z - 25418. What is q(3)?
-86
Let n(t) = 7*t**2 - 93*t + 50. Determine n(4).
-210
Let o(b) = 9*b**3 - 7250*b**2 + 4069*b - 35424. Give o(805).
-4
Let s(q) = -545*q + 8160. Determine s(14).
530
Let n(y) = -9*y**2 + 1956*y + 9330. Calculate n(222).
6
Let b(n) = 1246*n - 15930. Give b(12).
-978
Let w(k) = -k**3 - 82*k**2 - 195*k - 4942. Calculate w(-80).
-2142
Let g(t) = 9509*t + 2025416. Calculate g(-213).
-1
Let r(g) = -3925*g + 4482. Determine r(1).
557
Let a(d) = -513561*d - 3594909. Give a(-7).
18
Let z(c) = -69703*c - 2579019. Give z(-37).
-8
Let q(z) = -z**3 + 24*z**2 - 3*z - 1743. Calculate q(13).
77
Let m(o) = 3*o**3 - 21*o**2 - 9838*o + 39476. Calculate m(4).
-20
Let z(t) = -8*t**2 + 901*t + 644. Determine z(113).
305
Let o(x) = -4*x**2 + 268*x - 4247. Determine o(38).
161
Let a(l) = 5666*l**2 - 152992*l + 1. What is a(27)?
-269
Let n(r) = -94*r**2 + 865*r + 2626. Give n(-3).
-815
Let g(r) = -2*r**3 + 14*r**2 - 16*r + 15. Calculate g(7).
-97
Let y(c) = -1251*c - 3649. Calculate y(-4).
1355
Let j(w) = -26*w**2 + 556*w - 728. Give j(20).
-8
Let q(z) = 2414*z + 622943. Determine q(-258).
131
Let q(b) = -1889*b - 24062. What is q(-12)?
-1394
Let q(f) = -445*f**2 + 97210*f - 97211. Determine q(1).
-446
Let u(j) = -j**2 + 9115*j - 118295. Give u(13).
31
Let y(g) = -30877*g - 2840705. Determine y(-92).
-21
Let g(i) = i**3 + 6*i**2 - 264*i - 2266. Give g(-11).
33
Let t(y) = 3*y**2 + 33*y - 322. Calculate t(-33).
1856
Let t(b) = 26*b**2 + 2106*b - 6537. Determine t(-84).
15
Let r(b) = 62*b**2 + 295*b - 75. What is r(-4)?
-263
Let s(d) = d**3 + 26*d**2 + 22*d + 62. Determine s(5).
947
Let l(w) = 8*w**2 + 2422*w - 7261. What is l(3)?
77
Let i(g) = -2*g**3 + 250*g**2 + 288*g - 4590. Give i(126).
-54
Let g(r) = 13048*r + 39177. Give g(-3).
33
Let d(f) = -3*f**2 + 7617*f - 2309478. What is d(2187)?
-6
Let c(l) = 13*l**3 - 221*l**2 + 1204*l - 20600. What is c(17)?
-132
Let q(g) = 212*g - 7318. Give q(33).
-322
Let o(h) = -65*h**2 - 5443*h + 1423. Determine o(-84).
-5
Let f(l) = -642*l**2 + 325520*l - 13187. What is f(507)?
-5
Let v(l) = l**3 - 34*l**2 - 1809*l + 518. Give v(-29).
-4
Let g(f) = 6*f**2 + 1738*f + 22799. What is g(-276)?
167
Let o(f) = 2*f**3 - 751*f**2 + 3336*f + 1128. Give o(371).
15
Let u(i) = 270*i**2 - 4*i - 83. Give u(0).
-83
Let k(u) = 1271*u - 15260. Determine k(12).
-8
Let p(d) = -2*d**2 + 15*d + 581. What is p(17)?
258
Let o(q) = -224*q + 8550. Give o(50).
-2650
Let f(c) = -34*c**2 + 80*c - 117. Determine f(5).
-567
Let v(w) = 244*w + 5136. Determine v(-21).
12
Let u(v) = -6*v**3 - 20*v**2 + 1339*v - 2617. Calculate u(2).
-67
Let f(p) = -3392*p + 17394. Determine f(5).
434
Let a(h) = 2567*h**2 + 454363*h + 810. Determine a(-177).
102
Let k(s) = -123*s - 2970. Calculate k(-23).
-141
Let h(p) = -60*p + 12276. Determine h(153).
3096
Let j(r) = 32*r**2 + 576*r + 6364. What is j(-11)?
3900
Let h(u) = -4*u**3 - 34*u**2 - 9*u - 191. Give h(-9).
52
Let m(a) = a**3 + 104*a**2 + 2570*a - 800. What is m(-63)?
19
Let p(g) = -1416*g + 27188. Calculate p(20).
-1132
Let v(h) = -h**3 + 822*h**2 + 18570*h - 1732. Determine v(844).
-44
Let q(d) = 25*d**3 + 14*d**2 - 44*d + 12. Determine q(3).
681
Let n(r) = 35450*r + 460984. Calculate n(-13).
134
Let g(f) = -2*f**2 + 1341*f - 37200. Give g(29).
7
Let x(l) = 10946*l + 131414. Determine x(-12).
62
Let b(i) = 5754*i + 1916087. Calculate b(-333).
5
Let k(s) = s**2 - 506*s - 190006. Calculate k(-251).
1
Let k(s) = -413111*s + 7435995. Calculate k(18).
-3
Let z(j) = -173*j - 11007. Determine z(-62).
-281
Let k(g) = 9698*g - 223062. What is k(23)?
-8
Let n(s) = -46*s**2 + 300*s - 1. What is n(5)?
349
Let c(a) = a**2 + 261*a + 15139. What is c(-178)?
365
Let f(h) = 250858*h + 3010503. What is f(-12)?
207
Let a(z) = -4*z**3 + 225*z**2 + 227*z - 3455. Give a(57).
-263
Let b(v) = v**3 - 74*v**2 + 472*v - 4293. Determine b(68).
59
Let j(s) = -3242*s - 243043. Determine j(-75).
107
Let z(i) = 100*i**2 - 246*i - 37. Calculate z(2).
-129
Let h(g) = 47550*g + 427968. What is h(-9)?
18
Let a(d) = -4*d**3 - 6*d**2 - 5*d - 140. Determine a(0).
-140
Let o(h) = 108*h**2 + 38*h - 72. What is o(2)?
436
Let c(p) = -57*p - 983. Calculate c(17).
-1952
Let p(o) = 99580*o - 9. Give p(0).
-9
Let t(i) = -35*i - 2321. Give t(-44).
-781
Let d(m) = -296*m - 2175. What is d(-4)?
-991
Let h(t) = -t**2 - 67*t + 2081. Give h(24).
-103
Let b(r) = -1751*r - 24. Calculate b(-3).
5229
Let j(c) = 1095*c - 9833. Give j(9).
22
Let s(h) = 110*h**2 + 355*h + 263. Calculate s(-2).
-7
Let t(x) = x**3 + 85*x**2 - 4517*x - 388686. Determine t(-83).
3
Let t(i) = i**3 - 12*i**2 + 296*i - 2457. Give t(9).
-36
Let f(c) = c**3 + 5*c**2 + 8*c + 213. Determine f(0).
213
Let b(c) = 561*c**3 - 5*c**2 + 33*c - 28. What is b(1)?
561
Let b(o) = 4*o**2 + 30886*o - 61789. Calculate b(2).
-1
Let g(s) = -25*s**2 - 80*s - 528. Determine g(-8).
-1488
Let a(r) = -17*r**2 + 3124*r - 32319. Determine a(11).
-12
Let f(o) = -3682*o + 169238. Calculate f(46).
-134
Let g(c) = 2*c**3 - 618*c**2 - 1264*c + 6199. Determine g(311).
-21
Let y(t) = 21*t**3 - 152*t**2 + 253*t - 1446. What is y(6)?
-864
Let z(x) = 150*x - 4078. Give z(24).
-478
Let l(q) = q**3 - 72*q**2 + 728*q - 26319. Give l(67).
12
Let b(a) = -220*a + 140819. Give b(640).
19
Let l(h) = h**2 - 187*h - 53810. Calculate l(344).
198
Let t(q) = -50*q**2 + 2026*q + 29842. Give t(52).
-6
Let f(q) = q**3 - 19*q**2 - 1185*q - 5336. What is f(-5)?
-11
Let g(b) = b**2 + 40663*b - 3790307. Calculate g(93).
1
Let f(d) = 2872*d**2 - 11500*d + 42. What is f(4)?
-6
Let t(q) = 25498*q - 32688438. What is t(1282)?
-2
Let b(j) = 375*j + 637. Give b(-7).
-1988
Let l(p) = -289153*p - 289154. Determine l(-1).
-1
Let p(b) = -624947*b + 11873988. Determine p(19).
-5
Let u(v) = -28114*v**2 + 84276*v + 174. Give u(3).
-24
Let f(t) = -293*t**3 + 391*t + 392. Calculate f(-1).
294
Let f(o) = 221*o**2 - 34362*o + 16623. Determine f(155).
38
Let f(b) = -b**2 - 100824*b - 2318422. Determine f(-23).
1
Let d(k) = 13*k**2 - 1149*k - 239725. Give d(187).
9
Let q(c) = 91*c + 20133. What is q(-224)?
-251
Let h(c) = -1690*c**2 + 54082*c - 74. Determine h(32).
-10
Let s(b) = -5*b**3 - 197*b**2 + 5*b + 3371. Give s(-39).
134
Let k(g) = -g**3 + 52*g**2 - 583*g - 45. Give k(34).
941
Let r(m) = -18*m**3 + 1806*m**2 + 1212*m - 30. Give r(101).
-30
Let y(r) = -460*r**3 - r**2 + 228*r + 229. Calculate y(-1).
460
Let j(o) = -o**2 + 2206*o - 506231. What is j(260)?
-271
Let k(b) = 2*b**3 - 913*b**2 + 2245*b - 815783. Calculate k(456).
1
Let l(v) = -3*v**3 + 20*v**2 + 157*v - 755. Calculate l(4).
1
Let u(t) = t**3 + 240*t**2 + 1129*t - 10848. Determine u(-235).
-38
Let x(t) = t**3 - 73*t**2 + 362*t + 2428. Calculate x(67).
-252
Let w(p) = 38*p**3 - 347*p**2 + 57*p - 611. Give w(9).
-503
Let d(w) = -14*w**3 + 477*w**2 - 3173*w + 131. Determine d(9).
5
Let a(h) = -79*h**3 + 1975*h**2 + 9*h - 218. Determine a(25).
7
Let f(x) = 515*x - 1205. What is f(3)?
340
Let b(o) = -400*o**2 - 264*o - 1. Calculate b(-1).
-137
Let x(r) = -278632*r - 2507698. Determine x(-9).
-10
Let n(p) = -78682*p - 393230. Determine n(-5).
180
Let h(t) = -t**3 - 2*t**2 - 24*t - 261. Determine h(-8).
315
Let i(c) = -2*c**2 - 691*c + 192014. What is i(182)?
4
Let t(u) = 439*u - 7489. Calculate t(18).
413
Let i(u) = -12*u**3 - 101*u**2 + 4*u + 100. Calculate i(-8).
-252
Let v(b) = 9938*b - 39769. Calculate v(4).
-17
Let w(h) = 4496*h + 54696. Calculate w(-12).
744
Let w(n) = -40*n**2 - 15298*n - 6770. Give w(-382).
106
Let b(o) = -6*o**3 + 345*o**2 - 1432*o + 65. Calculate b(53).
12
Let p(v) = -1328*v**2 + 22575*v - 18. Determine p(17).
-3